4
Calculate the remainder when 542 is divided by 195.
152
What is the remainder when 15441 is divided by 671?
8
What is the remainder when 7956 is divided by 22?
14
Calculate the remainder when 1158 is divided by 126.
24
Calculate the remainder when 17345 is divided by 61.
21
Calculate the remainder when 2106 is divided by 296.
34
What is the remainder when 1131 is divided by 139?
19
Calculate the remainder when 26116 is divided by 63.
34
Calculate the remainder when 11848 is divided by 20.
8
Calculate the remainder when 7684 is divided by 2540.
64
What is the remainder when 1643 is divided by 798?
47
What is the remainder when 21605 is divided by 775?
680
Calculate the remainder when 5944179 is divided by 11.
10
Calculate the remainder when 22485 is divided by 24.
21
What is the remainder when 32890 is divided by 130?
0
What is the remainder when 107517 is divided by 1156?
9
Calculate the remainder when 6300 is divided by 122.
78
Calculate the remainder when 50033 is divided by 114.
101
What is the remainder when 16814 is divided by 177?
176
Calculate the remainder when 11311 is divided by 164.
159
Calculate the remainder when 23130 is divided by 578.
10
Calculate the remainder when 345607 is divided by 679.
675
What is the remainder when 7662 is divided by 450?
12
Calculate the remainder when 1883 is divided by 333.
218
Calculate the remainder when 2169 is divided by 175.
69
What is the remainder when 3356 is divided by 660?
56
What is the remainder when 129910 is divided by 129892?
18
What is the remainder when 33950 is divided by 3394?
10
What is the remainder when 22531 is divided by 169?
54
Calculate the remainder when 18204 is divided by 1156.
864
Calculate the remainder when 8249 is divided by 489.
425
Calculate the remainder when 110494 is divided by 110475.
19
Calculate the remainder when 11878 is divided by 5928.
22
Calculate the remainder when 59084 is divided by 19682.
38
What is the remainder when 99637 is divided by 11059?
106
Calculate the remainder when 89038 is divided by 89035.
3
Calculate the remainder when 10870 is divided by 302.
300
What is the remainder when 1667531 is divided by 227?
216
What is the remainder when 50791 is divided by 2113?
79
Calculate the remainder when 28335 is divided by 253.
252
What is the remainder when 7956 is divided by 59?
50
What is the remainder when 10200 is divided by 5091?
18
Calculate the remainder when 9208 is divided by 1525.
58
Calculate the remainder when 3961 is divided by 40.
1
Calculate the remainder when 781437 is divided by 555.
552
What is the remainder when 18058 is divided by 18054?
4
Calculate the remainder when 354098 is divided by 25.
23
Calculate the remainder when 43015 is divided by 304.
151
Calculate the remainder when 7754 is divided by 1106.
12
What is the remainder when 100807 is divided by 74?
19
What is the remainder when 1180 is divided by 1140?
40
What is the remainder when 103 is divided by 16?
7
What is the remainder when 4571 is divided by 1290?
701
What is the remainder when 87050 is divided by 4836?
2
What is the remainder when 779254 is divided by 12?
10
Calculate the remainder when 325265 is divided by 746.
9
Calculate the remainder when 56845 is divided by 64.
13
What is the remainder when 122215 is divided by 97?
92
Calculate the remainder when 74132 is divided by 49.
44
Calculate the remainder when 65558 is divided by 151.
24
Calculate the remainder when 24106 is divided by 335.
321
What is the remainder when 35718 is divided by 147?
144
Calculate the remainder when 22483 is divided by 4257.
1198
What is the remainder when 1083 is divided by 447?
189
Calculate the remainder when 370 is divided by 127.
116
What is the remainder when 330687 is divided by 730?
727
What is the remainder when 26048 is divided by 16?
0
What is the remainder when 1121 is divided by 278?
9
Calculate the remainder when 51339 is divided by 39.
15
Calculate the remainder when 16743 is divided by 4175.
43
What is the remainder when 312119 is divided by 60?
59
What is the remainder when 7262 is divided by 778?
260
What is the remainder when 1436 is divided by 1416?
20
What is the remainder when 3381 is divided by 351?
222
Calculate the remainder when 3219 is divided by 10.
9
What is the remainder when 1489 is divided by 30?
19
What is the remainder when 2903 is divided by 1451?
1
Calculate the remainder when 475250 is divided by 39.
35
What is the remainder when 2765 is divided by 655?
145
Calculate the remainder when 23847 is divided by 45.
42
Calculate the remainder when 7647 is divided by 453.
399
What is the remainder when 8227 is divided by 426?
133
What is the remainder when 12420 is divided by 289?
282
What is the remainder when 5119 is divided by 574?
527
What is the remainder when 11993 is divided by 80?
73
Calculate the remainder when 11039 is divided by 5495.
49
Calculate the remainder when 55642 is divided by 78.
28
What is the remainder when 14044 is divided by 206?
36
Calculate the remainder when 29560 is divided by 22.
14
Calculate the remainder when 8390 is divided by 62.
20
Calculate the remainder when 40367 is divided by 313.
303
Calculate the remainder when 569 is divided by 112.
9
What is the remainder when 2226 is divided by 706?
108
What is the remainder when 5585007 is divided by 172?
167
Calculate the remainder when 44328 is divided by 14771.
15
Calculate the remainder when 836 is divided by 117.
17
What is the remainder when 67475 is divided by 23?
16
What is the remainder when 86091 is divided by 86086?
5
What is the remainder when 784 is divided by 108?
28
What is the remainder when 4454 is divided by 92?
38
Calculate the remainder when 5023 is divided by 21.
4
What is the remainder when 1908 is divided by 451?
104
Calculate the remainder when 16195 is divided by 673.
43
What is the remainder when 22446 is divided by 26?
8
What is the remainder when 7492 is divided by 374?
12
What is the remainder when 56878 is divided by 75?
28
What is the remainder when 1436 is divided by 478?
2
Calculate the remainder when 229355 is divided by 32762.
21
Calculate the remainder when 2895 is divided by 2304.
591
What is the remainder when 83433 is divided by 409?
406
What is the remainder when 241949 is divided by 22?
15
What is the remainder when 42317 is divided by 6?
5
What is the remainder when 2389 is divided by 1118?
153
What is the remainder when 7436 is divided by 2371?
323
Calculate the remainder when 12471 is divided by 694.
673
What is the remainder when 2126 is divided by 688?
62
What is the remainder when 2260 is divided by 581?
517
Calculate the remainder when 13311 is divided by 1023.
12
Calculate the remainder when 167714 is divided by 50.
14
What is the remainder when 13439 is divided by 4475?
14
What is the remainder when 45456 is divided by 238?
236
What is the remainder when 7937 is divided by 317?
12
What is the remainder when 232218 is divided by 177?
171
Calculate the remainder when 325034 is divided by 497.
493
Calculate the remainder when 1322580 is divided by 163.
161
Calculate the remainder when 25143 is divided by 1479.
0
Calculate the remainder when 33677 is divided by 3362.
57
Calculate the remainder when 18945 is divided by 6234.
243
What is the remainder when 4730 is divided by 329?
124
Calculate the remainder when 4528 is divided by 71.
55
What is the remainder when 29656 is divided by 675?
631
What is the remainder when 11497 is divided by 3812?
61
Calculate the remainder when 14284 is divided by 69.
1
Calculate the remainder when 7258 is divided by 20.
18
What is the remainder when 42476 is divided by 3034?
0
What is the remainder when 89797 is divided by 2040?
37
What is the remainder when 188457 is divided by 98?
3
Calculate the remainder when 55095 is divided by 5007.
18
What is the remainder when 66001 is divided by 115?
106
What is the remainder when 29974 is divided by 1498?
14
Calculate the remainder when 697771 is divided by 22.
19
What is the remainder when 73994 is divided by 77?
74
Calculate the remainder when 3737 is divided by 93.
17
Calculate the remainder when 159508 is divided by 25.
8
What is the remainder when 27795 is divided by 27696?
99
Calculate the remainder when 74295 is divided by 183.
180
What is the remai